*l + w = -91. What is the highest common divisor of l and 1536?
24
Let r be (-12)/(-10) - (-924)/55. Let j = 13 - 7. Suppose 78 = 3*t - u, -2*t - u - 105 = -j*t. What is the highest common divisor of r and t?
9
Suppose 0 = -73*h + 76*h - 819. Let g = 2 + h. What is the greatest common factor of g and 11?
11
Let g be 260/(-195) + (4/(-22) - (-24654)/198). What is the greatest common divisor of g and 451?
41
Let q be ((-2)/(-4))/((-6)/(-69) + 232995/(-2681294)). What is the highest common divisor of 11 and q?
11
Let d(l) = l**2 - 9*l - 24. Let u be d(-3). Let b be 32/u*198/11. Calculate the greatest common divisor of 108 and b.
12
Suppose 3*t = -17*a + 22*a - 187, -5*t = 20. Suppose -65*n = -a*n - 1800. Calculate the highest common divisor of n and 15.
15
Let n(t) = 2*t**2 - 49*t + 210. Let v be n(19). Let f(p) = -2*p + 2. Let c be f(3). Let l be (c - 0 - -19)/v. Calculate the highest common factor of l and 225.
15
Let h = -41 - -65. Let r = 26 - 18. Let z be (r - 3 - -1)*6. What is the greatest common divisor of h and z?
12
Let b = 84 - 79. Suppose -b*v + 978 = 4*j + 183, 5*j - v - 972 = 0. What is the highest common divisor of 65 and j?
65
Suppose 0 = 21*i - 56107 - 17057. What is the greatest common divisor of 104 and i?
52
Suppose -695 = -4*k + 705. Let b = 8536 - 8522. Calculate the highest common divisor of k and b.
14
Let t(h) = -h**2 - 76*h + 773. Let i be t(-85). Calculate the highest common divisor of i and 4120.
8
Let d(u) be the third derivative of u**6/120 + u**5/10 - 13*u**4/24 + 9*u**3/2 - 9*u**2 - 1. Let a be d(-8). Calculate the greatest common factor of 141 and a.
3
Suppose -6*p - 17*p + 5102 = -12608. What is the highest common factor of 280 and p?
70
Let j = 72 - 63. Suppose j*x = 10*x - 3. Suppose 5*k = -3*s + 3*k + 1096, x*s - 1102 = -5*k. Calculate the highest common divisor of 52 and s.
52
Let w = 34118 + -24150. Calculate the highest common divisor of 70 and w.
14
Let m(n) = -135*n - 11448. Let l be m(-186). What is the highest common factor of 891 and l?
297
Suppose 48*q - 18*q - 3010 = 20*q. What is the greatest common divisor of q and 1376?
43
Let a = 304 + 682. What is the greatest common divisor of 377 and a?
29
Let l = -76 + 77. Let x be ((5 - 26)/(-7))/(l/16). Calculate the highest common factor of x and 48.
48
Suppose -5*q + 5*i = 700, -14*i = 5*q - 11*i + 724. Let y = q + 275. Suppose 0 = -0*r - 2*r + 24. What is the highest common factor of y and r?
12
Suppose -2*d = 5*n - 304, 160*d - 163*d + 3*n = -372. Let r be (-2)/(-8) - (-141)/12. What is the highest common divisor of r and d?
12
Let a be ((-15)/6)/(980/(-4704)). What is the greatest common factor of 38604 and a?
12
Let y = 12818 + -12566. Calculate the greatest common factor of y and 798.
42
Suppose -66*r - 134*r = 41*r - 670703. What is the greatest common factor of 92 and r?
23
Let s = -48 + 74. Let y be (3 + 1)*2/2*-2. Let b(n) = 3*n**2 + 15*n + 6. Let v be b(y). Calculate the highest common divisor of s and v.
26
Let z be (35 - -1)*6/8. Suppose -7*b + 3*b = -5*d + 39, -5*b + 20 = 0. Let g = d - -232. What is the highest common divisor of g and z?
27
Let y = 150 + -50. Let s = y - 61. What is the highest common factor of 312 and s?
39
Let c(u) = 28 - 7*u - 36*u - 1. Let q be c(-6). What is the greatest common divisor of q and 57?
57
Let p = 375 - 359. Suppose 11*o = p*o - 270. Calculate the greatest common factor of 18 and o.
18
Suppose -4*j + 0*j + 16 = 0. Let c be (j - (2 + 6)/2) + 26. Let u = 146 - c. Calculate the highest common factor of u and 15.
15
Let h = 629 + -599. Suppose -53 = -2*r - 5*g, -5*r + 5*g + 128 + 92 = 0. Let a = r - h. What is the highest common factor of a and 18?
9
Suppose 4*z + 3*y - 61 = 490, -5*y - 15 = 0. What is the greatest common factor of z and 1330?
70
Let c(z) = z**2 + 12. Let l = 25 - -35. Let g be 2/((-4)/(-9))*l/45. Let w be c(g). What is the highest common divisor of 12 and w?
12
Let g = -11416 - -11485. Let a be 254 + 1 - (-10)/(-5). What is the highest common divisor of g and a?
23
Suppose 0 = 5*l - 13*l + 64. Suppose 3*m + 5*z + l = 0, -7 + 19 = 5*m + 2*z. Let g be (3 + -4 - 2)/((-6)/m). Calculate the greatest common divisor of g and 2.
2
Let x be 8*(9 + 28/4*-1). What is the greatest common factor of 46 and x?
2
Let z(m) = m**2 + 19*m + 32. Let j be z(-18). Let f be (-34672)/(-80) - 3/(-5). Calculate the greatest common divisor of f and j.
14
Suppose 3*q = -0*q - 3*m + 375, -4*m = 2*q - 248. Let r = 9 + -13. Let h(s) = 5*s**2 + 9*s - 2. Let f be h(r). What is the greatest common factor of q and f?
42
Suppose -2*f - 2*s + 5 = s, 5*s = 2*f - 29. Suppose 3*j - f = -4. Let y(x) = -x - 12. Let u be y(-13). Calculate the greatest common factor of j and u.
1
Let d be (30/25)/(2/5). Suppose 167 = d*x + f, -2*x = 2*x - 3*f - 201. Calculate the highest common factor of 126 and x.
18
Suppose -171*y + 276 + 262 = -146. Suppose 5*w + 2*n = 640, 640 = 5*w + 7*n - 2*n. Calculate the highest common divisor of y and w.
4
Let v = 4102 + -4069. Suppose -6*g - g = -847. Calculate the highest common divisor of v and g.
11
Let r(m) be the first derivative of m**4/4 + 2*m**3/3 + 3*m**2/2 + 8*m + 35. Let y be r(4). Calculate the highest common divisor of 87 and y.
29
Let g = -7979 + 9386. What is the greatest common divisor of g and 134?
67
Let y(m) = m**3 - 3*m**2 - 2*m - 25. Suppose 33 = -15*v + 108. Let s be y(v). What is the highest common factor of 10 and s?
5
Let a = 3625 - 3619. What is the greatest common divisor of a and 1266?
6
Suppose -l - v = -127, 150 = -3*l + 4*v + 552. Calculate the greatest common factor of 2400 and l.
10
Let n = -86 + 96. Let m be (-2)/((-8)/6) - n/(-20). Suppose 4 + 17 = 2*j + 3*l, -j - m*l + 9 = 0. What is the highest common divisor of j and 165?
15
Let m be -4*(-8 - 297/(-36)). Let b(g) = -96*g - 42. Let y be b(m). Calculate the highest common divisor of 30 and y.
6
Let c be (16/(-14))/(344/(-1806)). Suppose -c*n + 1299 = -231. What is the highest common divisor of n and 5?
5
Let h(y) = y**3 - 10*y**2 + 18*y - 9. Let n be h(9). Let z = -40 + n. Calculate the highest common divisor of z and 44.
4
Let i be 2 + (1577/171 - 4/18). Suppose 5*k - o - i = 0, -k + 5*k = 3*o. Calculate the highest common divisor of 57 and k.
3
Let f be (1 - 10)*4/6. Let k be (-116)/(-3) - 2/f. Let w = 116896 + -116831. What is the highest common divisor of k and w?
13
Suppose -4*v - 4 = -16. Suppose m - 3*j = 40 + 2, -v*m = j - 86. Calculate the greatest common divisor of m and 570.
30
Suppose -b + 0*b = 5*i + 22, -3*b + 5*i = -34. Let a be b/((-18)/7)*-3*6. Suppose -a*y + 686 = -19*y. What is the highest common factor of y and 49?
49
Let s be (27/(-6))/(6/(-8)). Let w be (-186)/(-54) + -4 - -1 - 5160/(-54). What is the highest common divisor of w and s?
6
Let t(i) = -i**2 + 22*i + 243. Let a be t(23). Calculate the highest common divisor of a and 308.
44
Let r be 26/7 - ((-32)/14 + 2). Suppose 7*g - 3*h + 5683 = 12*g, -2262 = -2*g - r*h. Calculate the greatest common factor of g and 67.
67
Suppose -c + 266 = -437. Suppose 1258 = 47*j - 13*j. What is the greatest common divisor of c and j?
37
Let v(h) = -9*h**2 - 241*h + 5. Let b be v(-26). What is the greatest common divisor of 31229 and b?
187
Let l(a) = 192*a - 8634. Let x be l(46). What is the greatest common factor of 690 and x?
6
Suppose 0 = -2*c - 6*a + 2*a - 2, 8 = 3*c - 5*a. Let w be ((70 - 0) + -5)*c. What is the greatest common divisor of 39 and w?
13
Suppose -2*t + a + 131 = 0, -5*a + 1370 = 3*t + 1167. What is the highest common divisor of 4906 and t?
22
Suppose 11*q + 11561 = -0*q. Let f = -732 - q. Calculate the highest common factor of f and 29.
29
Suppose -4071964 = -368*l + 5107796. What is the greatest common factor of 15 and l?
15
Let k(a) = -3*a - 3. Let s be k(-1). Let h = -8 + s. Let g be h/(-28) - 33/(-7). What is the highest common factor of 5 and g?
5
Let x(c) be the first derivative of c**4/4 + 10*c**3/3 + 23*c**2/2 - 44. Let p be x(-5). What is the highest common divisor of 200 and p?
10
Let d = 564 + -865. Let x be (d/3)/(-7)*3 + -4. What is the greatest common factor of x and 3?
3
Let q be 315/165*11*16. Calculate the highest common divisor of q and 4944.
48
Let l = -246 - -356. Suppose 12*q - 10*q + 3*d = 14, q + 2*d - 6 = 0. What is th